{"id":957,"date":"2016-06-12T14:57:13","date_gmt":"2016-06-12T12:57:13","guid":{"rendered":"http:\/\/auswanderung.es\/?page_id=957"},"modified":"2025-07-24T15:59:58","modified_gmt":"2025-07-24T13:59:58","slug":"dienstleistungen","status":"publish","type":"page","link":"https:\/\/auswanderung.es\/index.php\/dienstleistungen\/","title":{"rendered":"Dienstleistungen"},"content":{"rendered":"<div class=\"wpb-content-wrapper\"><p>[vc_row][vc_column width=&#8221;1\/2&#8243;]\n\t<div class=\"iconbox-wrapper  text-center\">\n\t\t<div class=\"iconbox-icon\">\n\t\t\t\t<i class=\"fa-solid fa-comments secondary\" style=\"font-size:80px;\"><\/i>\n\t\t<\/div>\n\t\t<h4 class=\"iconbox-heading\">Spanisch f\u00fcr Auswanderer\n\t\t<\/h4>\n\t\t\t<div class=\"iconbox-desc\">\n\t\t\t\t<p>Lernen Sie Spanisch (Castellano) bequem von zu Hause aus und fangen Sie bereits VOR Ihrer Auswanderung damit an.<\/p>\n<p>Siehe Spanisch f\u00fcr Auswanderer.<\/p>\n\t\t\t<\/div>\n\t<\/div>[\/vc_column][vc_column width=&#8221;1\/2&#8243;]\n\t<div class=\"iconbox-wrapper  text-center\">\n\t\t<div class=\"iconbox-icon\">\n\t\t\t\t<i class=\"fa-solid fa-check-square secondary\" style=\"font-size:80px;\"><\/i>\n\t\t<\/div>\n\t\t<h4 class=\"iconbox-heading\">Beantragung der N.I.E. Nummer\n\t\t<\/h4>\n\t\t\t<div class=\"iconbox-desc\">\n\t\t\t\t<p>Die N.I.E. Nummer (Identit\u00e4tsnummer f\u00fcr Ausl\u00e4nder) ist der erste Schritt f\u00fcr jeden, der auf Mallorca leben und arbeiten m\u00f6chte.<br \/>\nIch helfe Ihnen bei der Beantragung beim Ausl\u00e4nderamt in Palma.<\/p>\n\t\t\t<\/div>\n\t<\/div>[vc_column_text css=&#8221;.vc_custom_1558962089802{padding-top: 0px !important;}&#8221;]Leistungs\u00fcbersicht:<\/p>\n<p>Termin machen, Formular ausf\u00fcllen und Einzahlung der Geb\u00fchr f\u00fcrs Amt bei der Bank.<\/p>\n<p><strong><span style=\"color: #ff0000;\">Wichtig!\u00a0<\/span><\/strong><span style=\"color: #ff0000;\">Es gibt kaum kurzfristige Termine f\u00fcr die Beantragung der N.I.E. Nummer. Manchmal ist mit einer Vorlaufzeit von 3 &#8211; 4 Monaten zu rechnen. Bitte geben Sie mir deshalb rechtzeitig Bescheid, wenn Sie einen Termin w\u00fcnschen.<\/span>[\/vc_column_text][\/vc_column][\/vc_row][vc_row][vc_column][vc_column_text]F\u00fcr Fragen zum Ablauf und zu Preisen meiner Dienstleistungen schicken Sie mir bitte eine Mail:<\/p>\n<p><a href=\"mailto:dk@auswanderung.es\">dk@auswanderung.es<\/a>[\/vc_column_text][\/vc_column][\/vc_row]<\/p>\n<\/div>","protected":false},"excerpt":{"rendered":"<p>[vc_row][vc_column width=&#8221;1\/2&#8243;][\/vc_column][vc_column width=&#8221;1\/2&#8243;][vc_column_text css=&#8221;.vc_custom_1558962089802{padding-top: 0px !important;}&#8221;]Leistungs\u00fcbersicht: Termin machen, Formular ausf\u00fcllen und Einzahlung der Geb\u00fchr f\u00fcrs Amt bei der Bank. Wichtig!\u00a0Es gibt &#8230;<\/p>\n","protected":false},"author":1,"featured_media":0,"parent":0,"menu_order":0,"comment_status":"closed","ping_status":"closed","template":"","meta":{"footnotes":""},"class_list":["post-957","page","type-page","status-publish","hentry"],"yoast_head":"<!-- This site is optimized with the Yoast SEO plugin v25.5 - https:\/\/yoast.com\/wordpress\/plugins\/seo\/ -->\n<title>Dienstleistungen - Auswandern nach Mallorca<\/title>\n<meta name=\"description\" content=\"Dienstleistungen: Lernen Sie Spanisch bequem von zu Hause aus und fangen Sie bereits VOR Ihrer Auswanderung damit an. Auswanderungsberatung per Skype.\" \/>\n<meta name=\"robots\" content=\"index, follow, max-snippet:-1, max-image-preview:large, max-video-preview:-1\" \/>\n<link rel=\"canonical\" href=\"https:\/\/auswanderung.es\/index.php\/dienstleistungen\/\" \/>\n<meta property=\"og:locale\" content=\"de_DE\" \/>\n<meta property=\"og:type\" content=\"article\" \/>\n<meta property=\"og:title\" content=\"Dienstleistungen - Auswandern nach Mallorca\" \/>\n<meta property=\"og:description\" content=\"Dienstleistungen: Lernen Sie Spanisch bequem von zu Hause aus und fangen Sie bereits VOR Ihrer Auswanderung damit an. Auswanderungsberatung per Skype.\" \/>\n<meta property=\"og:url\" content=\"https:\/\/auswanderung.es\/index.php\/dienstleistungen\/\" \/>\n<meta property=\"og:site_name\" content=\"Auswandern nach Mallorca\" \/>\n<meta property=\"article:publisher\" content=\"https:\/\/www.facebook.com\/groups\/Auswandertipps\" \/>\n<meta property=\"article:modified_time\" content=\"2025-07-24T13:59:58+00:00\" \/>\n<meta name=\"twitter:card\" content=\"summary_large_image\" \/>\n<meta name=\"twitter:label1\" content=\"Gesch\u00e4tzte Lesezeit\" \/>\n\t<meta name=\"twitter:data1\" content=\"1\u00a0Minute\" \/>\n<script type=\"application\/ld+json\" class=\"yoast-schema-graph\">{\"@context\":\"https:\/\/schema.org\",\"@graph\":[{\"@type\":\"WebPage\",\"@id\":\"https:\/\/auswanderung.es\/index.php\/dienstleistungen\/\",\"url\":\"https:\/\/auswanderung.es\/index.php\/dienstleistungen\/\",\"name\":\"Dienstleistungen - Auswandern nach Mallorca\",\"isPartOf\":{\"@id\":\"https:\/\/auswanderung.es\/#website\"},\"datePublished\":\"2016-06-12T12:57:13+00:00\",\"dateModified\":\"2025-07-24T13:59:58+00:00\",\"description\":\"Dienstleistungen: Lernen Sie Spanisch bequem von zu Hause aus und fangen Sie bereits VOR Ihrer Auswanderung damit an. Auswanderungsberatung per Skype.\",\"breadcrumb\":{\"@id\":\"https:\/\/auswanderung.es\/index.php\/dienstleistungen\/#breadcrumb\"},\"inLanguage\":\"de\",\"potentialAction\":[{\"@type\":\"ReadAction\",\"target\":[\"https:\/\/auswanderung.es\/index.php\/dienstleistungen\/\"]}]},{\"@type\":\"BreadcrumbList\",\"@id\":\"https:\/\/auswanderung.es\/index.php\/dienstleistungen\/#breadcrumb\",\"itemListElement\":[{\"@type\":\"ListItem\",\"position\":1,\"name\":\"Startseite\",\"item\":\"https:\/\/auswanderung.es\/\"},{\"@type\":\"ListItem\",\"position\":2,\"name\":\"Dienstleistungen\"}]},{\"@type\":\"WebSite\",\"@id\":\"https:\/\/auswanderung.es\/#website\",\"url\":\"https:\/\/auswanderung.es\/\",\"name\":\"Auswandern nach Mallorca\",\"description\":\"\",\"publisher\":{\"@id\":\"https:\/\/auswanderung.es\/#organization\"},\"potentialAction\":[{\"@type\":\"SearchAction\",\"target\":{\"@type\":\"EntryPoint\",\"urlTemplate\":\"https:\/\/auswanderung.es\/?s={search_term_string}\"},\"query-input\":{\"@type\":\"PropertyValueSpecification\",\"valueRequired\":true,\"valueName\":\"search_term_string\"}}],\"inLanguage\":\"de\"},{\"@type\":\"Organization\",\"@id\":\"https:\/\/auswanderung.es\/#organization\",\"name\":\"Auswandern nach Mallorca\",\"url\":\"https:\/\/auswanderung.es\/\",\"logo\":{\"@type\":\"ImageObject\",\"inLanguage\":\"de\",\"@id\":\"https:\/\/auswanderung.es\/#\/schema\/logo\/image\/\",\"url\":\"https:\/\/auswanderung.es\/wp-content\/uploads\/2016\/06\/Logo-dkmas-2.png\",\"contentUrl\":\"https:\/\/auswanderung.es\/wp-content\/uploads\/2016\/06\/Logo-dkmas-2.png\",\"width\":225,\"height\":25,\"caption\":\"Auswandern nach Mallorca\"},\"image\":{\"@id\":\"https:\/\/auswanderung.es\/#\/schema\/logo\/image\/\"},\"sameAs\":[\"https:\/\/www.facebook.com\/groups\/Auswandertipps\"]}]}<\/script>\n<!-- \/ Yoast SEO plugin. -->","yoast_head_json":{"title":"Dienstleistungen - Auswandern nach Mallorca","description":"Dienstleistungen: Lernen Sie Spanisch bequem von zu Hause aus und fangen Sie bereits VOR Ihrer Auswanderung damit an. Auswanderungsberatung per Skype.","robots":{"index":"index","follow":"follow","max-snippet":"max-snippet:-1","max-image-preview":"max-image-preview:large","max-video-preview":"max-video-preview:-1"},"canonical":"https:\/\/auswanderung.es\/index.php\/dienstleistungen\/","og_locale":"de_DE","og_type":"article","og_title":"Dienstleistungen - Auswandern nach Mallorca","og_description":"Dienstleistungen: Lernen Sie Spanisch bequem von zu Hause aus und fangen Sie bereits VOR Ihrer Auswanderung damit an. Auswanderungsberatung per Skype.","og_url":"https:\/\/auswanderung.es\/index.php\/dienstleistungen\/","og_site_name":"Auswandern nach Mallorca","article_publisher":"https:\/\/www.facebook.com\/groups\/Auswandertipps","article_modified_time":"2025-07-24T13:59:58+00:00","twitter_card":"summary_large_image","twitter_misc":{"Gesch\u00e4tzte Lesezeit":"1\u00a0Minute"},"schema":{"@context":"https:\/\/schema.org","@graph":[{"@type":"WebPage","@id":"https:\/\/auswanderung.es\/index.php\/dienstleistungen\/","url":"https:\/\/auswanderung.es\/index.php\/dienstleistungen\/","name":"Dienstleistungen - Auswandern nach Mallorca","isPartOf":{"@id":"https:\/\/auswanderung.es\/#website"},"datePublished":"2016-06-12T12:57:13+00:00","dateModified":"2025-07-24T13:59:58+00:00","description":"Dienstleistungen: Lernen Sie Spanisch bequem von zu Hause aus und fangen Sie bereits VOR Ihrer Auswanderung damit an. Auswanderungsberatung per Skype.","breadcrumb":{"@id":"https:\/\/auswanderung.es\/index.php\/dienstleistungen\/#breadcrumb"},"inLanguage":"de","potentialAction":[{"@type":"ReadAction","target":["https:\/\/auswanderung.es\/index.php\/dienstleistungen\/"]}]},{"@type":"BreadcrumbList","@id":"https:\/\/auswanderung.es\/index.php\/dienstleistungen\/#breadcrumb","itemListElement":[{"@type":"ListItem","position":1,"name":"Startseite","item":"https:\/\/auswanderung.es\/"},{"@type":"ListItem","position":2,"name":"Dienstleistungen"}]},{"@type":"WebSite","@id":"https:\/\/auswanderung.es\/#website","url":"https:\/\/auswanderung.es\/","name":"Auswandern nach Mallorca","description":"","publisher":{"@id":"https:\/\/auswanderung.es\/#organization"},"potentialAction":[{"@type":"SearchAction","target":{"@type":"EntryPoint","urlTemplate":"https:\/\/auswanderung.es\/?s={search_term_string}"},"query-input":{"@type":"PropertyValueSpecification","valueRequired":true,"valueName":"search_term_string"}}],"inLanguage":"de"},{"@type":"Organization","@id":"https:\/\/auswanderung.es\/#organization","name":"Auswandern nach Mallorca","url":"https:\/\/auswanderung.es\/","logo":{"@type":"ImageObject","inLanguage":"de","@id":"https:\/\/auswanderung.es\/#\/schema\/logo\/image\/","url":"https:\/\/auswanderung.es\/wp-content\/uploads\/2016\/06\/Logo-dkmas-2.png","contentUrl":"https:\/\/auswanderung.es\/wp-content\/uploads\/2016\/06\/Logo-dkmas-2.png","width":225,"height":25,"caption":"Auswandern nach Mallorca"},"image":{"@id":"https:\/\/auswanderung.es\/#\/schema\/logo\/image\/"},"sameAs":["https:\/\/www.facebook.com\/groups\/Auswandertipps"]}]}},"_links":{"self":[{"href":"https:\/\/auswanderung.es\/index.php\/wp-json\/wp\/v2\/pages\/957","targetHints":{"allow":["GET"]}}],"collection":[{"href":"https:\/\/auswanderung.es\/index.php\/wp-json\/wp\/v2\/pages"}],"about":[{"href":"https:\/\/auswanderung.es\/index.php\/wp-json\/wp\/v2\/types\/page"}],"author":[{"embeddable":true,"href":"https:\/\/auswanderung.es\/index.php\/wp-json\/wp\/v2\/users\/1"}],"replies":[{"embeddable":true,"href":"https:\/\/auswanderung.es\/index.php\/wp-json\/wp\/v2\/comments?post=957"}],"version-history":[{"count":30,"href":"https:\/\/auswanderung.es\/index.php\/wp-json\/wp\/v2\/pages\/957\/revisions"}],"predecessor-version":[{"id":2695,"href":"https:\/\/auswanderung.es\/index.php\/wp-json\/wp\/v2\/pages\/957\/revisions\/2695"}],"wp:attachment":[{"href":"https:\/\/auswanderung.es\/index.php\/wp-json\/wp\/v2\/media?parent=957"}],"curies":[{"name":"wp","href":"https:\/\/api.w.org\/{rel}","templated":true}]}}